{"id":21,"date":"2023-06-15T11:06:36","date_gmt":"2023-06-15T11:06:36","guid":{"rendered":"http:\/\/citt-humanidadesdigitales.madrimasd.org\/?page_id=21"},"modified":"2023-07-20T07:39:58","modified_gmt":"2023-07-20T07:39:58","slug":"lineas-de-trabajo","status":"publish","type":"page","link":"https:\/\/citt-semiconductores.madrimasd.org\/index.php\/home\/lineas-de-trabajo\/","title":{"rendered":""},"content":{"rendered":"<div class=\"vce-row-container\" data-vce-boxed-width=\"true\"><div class=\"vce-row vce-row--col-gap-30 vce-row-equal-height vce-row-content--top\" id=\"el-4e598797\" data-vce-do-apply=\"all el-4e598797\"><div class=\"vce-content-background-container\"><\/div><div class=\"vce-row-content\" data-vce-element-content=\"true\"><div class=\"vce-col vce-col--md-auto vce-col--xs-1 vce-col--xs-last vce-col--xs-first vce-col--sm-last vce-col--sm-first vce-col--md-last vce-col--lg-last vce-col--xl-last vce-col--md-first vce-col--lg-first vce-col--xl-first\" id=\"el-51216857\"><div class=\"vce-col-inner\" data-vce-do-apply=\"border margin background  el-51216857\"><div class=\"vce-col-content\" data-vce-element-content=\"true\" data-vce-do-apply=\"padding el-51216857\"><div class=\"vce vce-separator-with-title-container vce-separator-with-title--align-center\" id=\"el-3ec50319\" data-vce-do-apply=\"margin el-3ec50319\"><div class=\"vce-separator-with-title vce-separator-with-title--color-bfc0c1 vce-separator-with-title--width-60\" data-vce-do-apply=\"border padding background  el-3ec50319\"><div class=\"vce-separator-with-title--line vce-separator-with-title--line--style-solid vce-separator-with-title-line--thickness-1 vce-separator-with-title--line-left\"><\/div><h3 class=\"vce-separator-with-title--title vce-separator-with-title--title--color-b-62-61-61\">Misi\u00f3n, visi\u00f3n y valores<\/h3><div class=\"vce-separator-with-title--line vce-separator-with-title--line--style-solid vce-separator-with-title-line--thickness-1 vce-separator-with-title--line-right\"><\/div><\/div><\/div><\/div><\/div><\/div><\/div><\/div><\/div><div class=\"vce-row-container\" data-vce-boxed-width=\"true\"><div class=\"vce-row vce-row--col-gap-30 vce-row-equal-height vce-row-content--top\" id=\"el-df03d43f\" data-vce-do-apply=\"all el-df03d43f\"><div class=\"vce-content-background-container\"><\/div><div class=\"vce-row-content\" data-vce-element-content=\"true\"><div class=\"vce-col vce-col--md-auto vce-col--xs-1 vce-col--xs-last vce-col--xs-first vce-col--sm-last vce-col--sm-first vce-col--md-last vce-col--lg-last vce-col--xl-last vce-col--md-first vce-col--lg-first vce-col--xl-first\" id=\"el-8433f384\"><div class=\"vce-col-inner\" data-vce-do-apply=\"border margin background  el-8433f384\"><div class=\"vce-col-content\" data-vce-element-content=\"true\" data-vce-do-apply=\"padding el-8433f384\"><div class=\"vce-text-block\"><div class=\"vce-text-block-wrapper vce\" id=\"el-bcf81984\" data-vce-do-apply=\"all el-bcf81984\"><h4>Nuestra misi\u00f3n<\/h4><\/div><\/div><div class=\"vce-row-container\" data-vce-boxed-width=\"true\"><div class=\"vce-row vce-row--col-gap-30 vce-row-equal-height vce-row-content--top\" id=\"el-6868149f\" data-vce-do-apply=\"all el-6868149f\"><div class=\"vce-row-content\" data-vce-element-content=\"true\"><div class=\"vce-col vce-col--md-auto vce-col--xs-1 vce-col--xs-last vce-col--xs-first vce-col--sm-last vce-col--sm-first vce-col--md-first vce-col--lg-first vce-col--xl-first\" id=\"el-f243df10\"><div class=\"vce-col-inner\" data-vce-do-apply=\"border margin background  el-f243df10\"><div class=\"vce-col-content\" data-vce-element-content=\"true\" data-vce-do-apply=\"padding el-f243df10\"><div class=\"vce-features vce-var-icon vce-features--style-filled-circle vce-features--size-small\" style=\"--iconAlignment: center; --iconColor: #fff; --iconColorHover: #fff; --shapeColor: rgb(225, 22, 18); --shapeColorHover: rgb(225, 22, 18); --linkColorHover: rgb(201,20,16);\"><div id=\"el-4373377d\" class=\"vce vce-features-icon-wrapper\" data-vce-do-apply=\"all el-4373377d\"><div class=\"vce-features--icon vce-icon\"><svg xmlns=\"https:\/\/www.w3.org\/2000\/svg\" viewBox=\"0 0 769 769\"><path stroke-width=\"25\" d=\"M565.755 696.27h-360l-180-311.77 180-311.77h360l180 311.77z\"><\/path><\/svg><span class=\"vce-icon-container fas fa-globe-europe\"><\/span><\/div><\/div><\/div><div class=\"vce-text-block\"><div class=\"vce-text-block-wrapper vce\" id=\"el-d2c0e706\" data-vce-do-apply=\"all el-d2c0e706\"><p style=\"text-align: justify;\">Impulsar la participaci\u00f3n en el <strong>Proyecto estrat\u00e9gico para la recuperaci\u00f3n y transformaci\u00f3n econ\u00f3mica (PERTE)<\/strong> de los semiconductores, Horizonte Europa o cualquier otro marco que permita atraer inversiones a la Comunidad de Madrid relacionadas con este sector.<\/p><\/div><\/div><\/div><\/div><\/div><div class=\"vce-col vce-col--md-auto vce-col--xs-1 vce-col--xs-last vce-col--xs-first vce-col--sm-last vce-col--sm-first\" id=\"el-e37e6bc0\"><div class=\"vce-col-inner\" data-vce-do-apply=\"border margin background  el-e37e6bc0\"><div class=\"vce-col-content\" data-vce-element-content=\"true\" data-vce-do-apply=\"padding el-e37e6bc0\"><div class=\"vce-features vce-var-icon vce-features--style-filled-circle vce-features--size-small\" style=\"--iconAlignment: center; --iconColor: #fff; --iconColorHover: #fff; --shapeColor: rgb(225, 22, 18); --shapeColorHover: rgb(225, 22, 18); --linkColorHover: rgb(201,20,16);\"><div id=\"el-ef3f6815\" class=\"vce vce-features-icon-wrapper\" data-vce-do-apply=\"all el-ef3f6815\"><div class=\"vce-features--icon vce-icon\"><svg xmlns=\"https:\/\/www.w3.org\/2000\/svg\" viewBox=\"0 0 769 769\"><path stroke-width=\"25\" d=\"M565.755 696.27h-360l-180-311.77 180-311.77h360l180 311.77z\"><\/path><\/svg><span class=\"vce-icon-container fas fa-server\"><\/span><\/div><\/div><\/div><div class=\"vce-row-container\" data-vce-boxed-width=\"true\"><div class=\"vce-row vce-row--col-gap-30 vce-row-equal-height vce-row-content--top\" id=\"el-fab7d16d\" data-vce-do-apply=\"all el-fab7d16d\"><div class=\"vce-row-content\" data-vce-element-content=\"true\"><div class=\"vce-col vce-col--md-auto vce-col--xs-1 vce-col--xs-last vce-col--xs-first vce-col--sm-last vce-col--sm-first vce-col--md-last vce-col--lg-last vce-col--xl-last vce-col--md-first vce-col--lg-first vce-col--xl-first\" id=\"el-b635e4bb\"><div class=\"vce-col-inner\" data-vce-do-apply=\"border margin background  el-b635e4bb\"><div class=\"vce-col-content\" data-vce-element-content=\"true\" data-vce-do-apply=\"padding el-b635e4bb\"><div class=\"vce-text-block\"><div class=\"vce-text-block-wrapper vce\" id=\"el-fba06dfb\" data-vce-do-apply=\"all el-fba06dfb\"><p style=\"text-align: justify;\"><strong>Generar actividad<\/strong> relacionada con su tem\u00e1tica que el cl\u00faster entienda que constituye una aportaci\u00f3n a sectores o \u00e1reas productivas de la Comunidad de Madrid.<\/p><\/div><\/div><\/div><\/div><\/div><\/div><\/div><\/div><\/div><\/div><\/div><div class=\"vce-col vce-col--md-auto vce-col--xs-1 vce-col--xs-last vce-col--xs-first vce-col--sm-last vce-col--sm-first vce-col--md-last vce-col--lg-last vce-col--xl-last\" id=\"el-7c210609\"><div class=\"vce-col-inner\" data-vce-do-apply=\"border margin background  el-7c210609\"><div class=\"vce-col-content\" data-vce-element-content=\"true\" data-vce-do-apply=\"padding el-7c210609\"><div class=\"vce-features vce-var-icon vce-features--style-filled-circle vce-features--size-small\" style=\"--iconAlignment: center; --iconColor: #fff; --iconColorHover: #fff; --shapeColor: rgb(225, 22, 18); --shapeColorHover: rgb(225, 22, 18); --linkColorHover: rgb(201,20,16);\"><div id=\"el-15aa9240\" class=\"vce vce-features-icon-wrapper\" data-vce-do-apply=\"all el-15aa9240\"><div class=\"vce-features--icon vce-icon\"><svg xmlns=\"https:\/\/www.w3.org\/2000\/svg\" viewBox=\"0 0 769 769\"><path stroke-width=\"25\" d=\"M565.755 696.27h-360l-180-311.77 180-311.77h360l180 311.77z\"><\/path><\/svg><span class=\"vce-icon-container fas fa-people-carry\"><\/span><\/div><\/div><\/div><div class=\"vce-text-block\"><div class=\"vce-text-block-wrapper vce\" id=\"el-224d084a\" data-vce-do-apply=\"all el-224d084a\"><p style=\"text-align: justify;\"><strong>Mejorar la competitividad<\/strong> del sector de Semiconductores y \u00e1reas afines, generando sinergias entre los agente<\/p><\/div><\/div><\/div><\/div><\/div><\/div><\/div><\/div><div class=\"vce-row-container\" data-vce-boxed-width=\"true\"><div class=\"vce-row vce-row--col-gap-30 vce-row-equal-height vce-row-content--top\" id=\"el-410e3a6d\" data-vce-do-apply=\"all el-410e3a6d\"><div class=\"vce-row-content\" data-vce-element-content=\"true\"><div class=\"vce-col vce-col--md-auto vce-col--xs-1 vce-col--xs-last vce-col--xs-first vce-col--sm-last vce-col--sm-first vce-col--md-first vce-col--lg-first vce-col--xl-first\" id=\"el-9bff7eb5\"><div class=\"vce-col-inner\" data-vce-do-apply=\"border margin background  el-9bff7eb5\"><div class=\"vce-col-content\" data-vce-element-content=\"true\" data-vce-do-apply=\"padding el-9bff7eb5\"><div class=\"vce-features vce-var-icon vce-features--style-filled-circle vce-features--size-small\" style=\"--iconAlignment: center; --iconColor: #fff; --iconColorHover: #fff; --shapeColor: rgb(225, 22, 18); --shapeColorHover: rgb(225, 22, 18); --linkColorHover: rgb(201,20,16);\"><div id=\"el-5324cffc\" class=\"vce vce-features-icon-wrapper\" data-vce-do-apply=\"all el-5324cffc\"><div class=\"vce-features--icon vce-icon\"><svg xmlns=\"https:\/\/www.w3.org\/2000\/svg\" viewBox=\"0 0 769 769\"><path stroke-width=\"25\" d=\"M565.755 696.27h-360l-180-311.77 180-311.77h360l180 311.77z\"><\/path><\/svg><span class=\"vce-icon-container fas fa-microscope\"><\/span><\/div><\/div><\/div><div class=\"vce-text-block\"><div class=\"vce-text-block-wrapper vce\" id=\"el-a5a6d373\" data-vce-do-apply=\"all el-a5a6d373\"><p style=\"text-align: justify;\"><strong>Impulsar<\/strong> la implantaci\u00f3n, estandarizaci\u00f3n y utilizaci\u00f3n de <strong>tecnolog\u00edas<\/strong> derivadas de la <strong>innovaci\u00f3n<\/strong> en este sector.<\/p><\/div><\/div><\/div><\/div><\/div><div class=\"vce-col vce-col--md-auto vce-col--xs-1 vce-col--xs-last vce-col--xs-first vce-col--sm-last vce-col--sm-first\" id=\"el-e9ce7498\"><div class=\"vce-col-inner\" data-vce-do-apply=\"border margin background  el-e9ce7498\"><div class=\"vce-col-content\" data-vce-element-content=\"true\" data-vce-do-apply=\"padding el-e9ce7498\"><div class=\"vce-features vce-var-icon vce-features--style-filled-circle vce-features--size-small\" style=\"--iconAlignment: center; --iconColor: #fff; --iconColorHover: #fff; --shapeColor: rgb(225, 22, 18); --shapeColorHover: rgb(225, 22, 18); --linkColorHover: rgb(201,20,16);\"><div id=\"el-b55afe47\" class=\"vce vce-features-icon-wrapper\" data-vce-do-apply=\"all el-b55afe47\"><div class=\"vce-features--icon vce-icon\"><svg xmlns=\"https:\/\/www.w3.org\/2000\/svg\" viewBox=\"0 0 769 769\"><path stroke-width=\"25\" d=\"M565.755 696.27h-360l-180-311.77 180-311.77h360l180 311.77z\"><\/path><\/svg><span class=\"vce-icon-container fas fa-user-check\"><\/span><\/div><\/div><\/div><div class=\"vce-text-block\"><div class=\"vce-text-block-wrapper vce\" id=\"el-cc518552\" data-vce-do-apply=\"all el-cc518552\"><p style=\"text-align: justify;\">Fomentar el <strong>desarrollo<\/strong> y retenci\u00f3n del <strong>talento<\/strong> <strong>especializado<\/strong> en el sector a trav\u00e9s de colaboraciones con universidades y centros de investigaci\u00f3n, as\u00ed como la promoci\u00f3n de oportunidades de carrera en la industria de semiconductores en la Comunidad de Madrid.<\/p><\/div><\/div><\/div><\/div><\/div><div class=\"vce-col vce-col--md-auto vce-col--xs-1 vce-col--xs-last vce-col--xs-first vce-col--sm-last vce-col--sm-first vce-col--md-last vce-col--lg-last vce-col--xl-last\" id=\"el-598f7e0b\"><div class=\"vce-col-inner\" data-vce-do-apply=\"border margin background  el-598f7e0b\"><div class=\"vce-col-content\" data-vce-element-content=\"true\" data-vce-do-apply=\"padding el-598f7e0b\"><div><\/div><\/div><\/div><\/div><\/div><\/div><\/div><\/div><\/div><\/div><\/div><\/div><\/div><div class=\"vce-row-container\" data-vce-boxed-width=\"true\"><div class=\"vce-row vce-element--has-background vce-row--col-gap-30 vce-row-equal-height vce-row-content--top\" id=\"el-0e46b570\" data-vce-do-apply=\"all el-0e46b570\"><div class=\"vce-content-background-container\"><\/div><div class=\"vce-row-content\" data-vce-element-content=\"true\"><div class=\"vce-col vce-col--md-45p vce-col--xs-1 vce-col--xs-last vce-col--xs-first vce-col--sm-last vce-col--sm-first vce-col--md-first vce-col--lg-first vce-col--xl-first\" id=\"el-8875a416\"><div class=\"vce-col-inner\" data-vce-do-apply=\"border margin background  el-8875a416\"><div class=\"vce-content-background-container\"><\/div><div class=\"vce-col-content\" data-vce-element-content=\"true\" data-vce-do-apply=\"padding el-8875a416\"><div class=\"vce-single-image-container vce-single-image--align-center\"><div class=\"vce vce-single-image-wrapper\" id=\"el-f75498b1\" data-vce-do-apply=\"all el-f75498b1\"><figure><div class=\"vce-single-image-figure-inner\" style=\"width: 1024px;\"><div class=\"vce-single-image-inner vce-single-image--absolute\" style=\"width: 100%; padding-bottom: 56.1523%;\"><img loading=\"lazy\" decoding=\"async\" class=\"vce-single-image\"  width=\"1024\" height=\"575\" srcset=\"https:\/\/citt-semiconductores.madrimasd.org\/wp-content\/uploads\/2023\/07\/semiconductor-gettyimages-179653150-1-1024x576.webp 1024w, https:\/\/citt-semiconductores.madrimasd.org\/wp-content\/uploads\/2023\/07\/semiconductor-gettyimages-179653150-1-2048x1152.webp 2x, https:\/\/citt-semiconductores.madrimasd.org\/wp-content\/uploads\/2023\/07\/semiconductor-gettyimages-179653150-1-320x180.webp 320w, https:\/\/citt-semiconductores.madrimasd.org\/wp-content\/uploads\/2023\/07\/semiconductor-gettyimages-179653150-1-480x270.webp 480w, https:\/\/citt-semiconductores.madrimasd.org\/wp-content\/uploads\/2023\/07\/semiconductor-gettyimages-179653150-1-800x450.webp 800w\" src=\"https:\/\/citt-semiconductores.madrimasd.org\/wp-content\/uploads\/2023\/07\/semiconductor-gettyimages-179653150-1-1024x576.webp\" data-img-src=\"https:\/\/citt-semiconductores.madrimasd.org\/wp-content\/uploads\/2023\/07\/semiconductor-gettyimages-179653150-1.webp\" data-attachment-id=\"1227\"  alt=\"\" title=\"semiconductor-gettyimages-179653150\" \/><\/div><\/div><figcaption hidden=\"\"><\/figcaption><\/figure><\/div><\/div><\/div><\/div><\/div><div class=\"vce-col vce-col--md-55p vce-col--xs-1 vce-col--xs-last vce-col--xs-first vce-col--sm-last vce-col--sm-first vce-col--md-last vce-col--lg-last vce-col--xl-last\" id=\"el-8da4adfd\"><div class=\"vce-col-inner\" data-vce-do-apply=\"border margin background  el-8da4adfd\"><div class=\"vce-col-content\" data-vce-element-content=\"true\" data-vce-do-apply=\"padding el-8da4adfd\"><div class=\"vce-text-block\"><div class=\"vce-text-block-wrapper vce\" id=\"el-06467ce0\" data-vce-do-apply=\"all el-06467ce0\"><h4 style=\"text-align: justify;\">Nuestra visi\u00f3n<\/h4>\n<p style=\"text-align: justify;\"><strong>Promover<\/strong> la <strong>innovaci\u00f3n <\/strong>abierta y la generaci\u00f3n de nuevas empresas innovadoras en este sector.<\/p>\n<p style=\"text-align: justify;\">Mejorar la <strong>empleabilidad<\/strong> de los graduados, ya sean en estudios de FP o universitarios, relacionados con el sector de los semiconductores y \u00e1reas afines que cubran las necesidades de talento del sector empresarial relacionado con el cl\u00faster.<\/p><\/div><\/div><\/div><\/div><\/div><\/div><\/div><\/div><div class=\"vce-row-container\" data-vce-boxed-width=\"true\"><div class=\"vce-row vce-row--col-gap-30 vce-row-equal-height vce-row-content--top\" id=\"el-73897a43\" data-vce-do-apply=\"all el-73897a43\"><div class=\"vce-content-background-container\"><\/div><div class=\"vce-row-content\" data-vce-element-content=\"true\"><div class=\"vce-col vce-col--md-70p vce-col--xs-1 vce-col--xs-last vce-col--xs-first vce-col--sm-last vce-col--sm-first vce-col--md-first vce-col--lg-first vce-col--xl-first\" id=\"el-52bb5499\"><div class=\"vce-col-inner\" data-vce-do-apply=\"border margin background  el-52bb5499\"><div class=\"vce-col-content\" data-vce-element-content=\"true\" data-vce-do-apply=\"padding el-52bb5499\"><div class=\"vce-text-block\"><div class=\"vce-text-block-wrapper vce\" id=\"el-bebfe2c2\" data-vce-do-apply=\"all el-bebfe2c2\"><blockquote>\n<h4 style=\"text-align: left;\"><span style=\"font-family: inherit; font-weight: 400; color: #000000;\"><strong>Nuestros valores<\/strong><\/span><\/h4>\n<p>&nbsp;<\/p>\n<ul>\n<li style=\"text-align: left;\"><span style=\"color: #000000;\"><strong><span style=\"font-family: inherit;\"><span style=\"font-style: inherit;\">Respetar y divulgar&nbsp; <\/span><\/span><\/strong><\/span><span style=\"font-family: inherit; font-weight: 400; color: #000000;\"><span style=\"font-weight: inherit; font-style: inherit;\">que se vele por la \u00e9tica que proceda en el desarrollo y uso de los semiconductores y dispositivos derivados.<\/span><\/span><\/li>\n<li style=\"text-align: left;\"><span style=\"color: #000000;\"><strong><span style=\"font-family: inherit;\"><span style=\"font-style: inherit;\">Fomentar <\/span><\/span><\/strong><\/span><span style=\"font-family: inherit; font-weight: 400; color: #000000;\"><span style=\"font-weight: inherit; font-style: inherit;\">el cumplimiento de las normas en materia de su investigaci\u00f3n o innovaci\u00f3n.<\/span><\/span><\/li>\n<\/ul>\n<\/blockquote><\/div><\/div><\/div><\/div><\/div><div class=\"vce-col vce-col--md-29p vce-col--xs-1 vce-col--xs-last vce-col--xs-first vce-col--sm-last vce-col--sm-first vce-col--md-last vce-col--lg-last vce-col--xl-last\" id=\"el-7d34b08a\"><div class=\"vce-col-inner\" data-vce-do-apply=\"border margin background  el-7d34b08a\"><div class=\"vce-col-content\" data-vce-element-content=\"true\" data-vce-do-apply=\"padding el-7d34b08a\"><div class=\"vce-single-image-container vce-single-image--align-left\"><div class=\"vce vce-single-image-wrapper\" id=\"el-dbe87f38\" data-vce-do-apply=\"all el-dbe87f38\"><figure><div class=\"vce-single-image-figure-inner\" style=\"width: 1024px;\"><div class=\"vce-single-image-inner vce-single-image--absolute\" style=\"width: 100%; padding-bottom: 98.4375%;\"><img loading=\"lazy\" decoding=\"async\" class=\"vce-single-image\"  width=\"1024\" height=\"1008\" srcset=\"https:\/\/citt-semiconductores.madrimasd.org\/wp-content\/uploads\/2023\/07\/icon-teamwork-1024x1008-1-320x315.png 320w, https:\/\/citt-semiconductores.madrimasd.org\/wp-content\/uploads\/2023\/07\/icon-teamwork-1024x1008-1-480x473.png 480w, https:\/\/citt-semiconductores.madrimasd.org\/wp-content\/uploads\/2023\/07\/icon-teamwork-1024x1008-1-800x788.png 800w, https:\/\/citt-semiconductores.madrimasd.org\/wp-content\/uploads\/2023\/07\/icon-teamwork-1024x1008-1-1024x1008.png 1024w\" src=\"https:\/\/citt-semiconductores.madrimasd.org\/wp-content\/uploads\/2023\/07\/icon-teamwork-1024x1008-1-1024x1008.png\" data-img-src=\"https:\/\/citt-semiconductores.madrimasd.org\/wp-content\/uploads\/2023\/07\/icon-teamwork-1024x1008-1.png\" data-attachment-id=\"1374\"  alt=\"\" title=\"icon-teamwork-1024x1008\" \/><\/div><\/div><figcaption hidden=\"\"><\/figcaption><\/figure><\/div><\/div><\/div><\/div><\/div><\/div><\/div><\/div><div class=\"vce-row-container\" data-vce-boxed-width=\"true\"><div class=\"vce-row vce-row--col-gap-30 vce-row-equal-height vce-row-content--top\" id=\"el-761bd7a6\" data-vce-do-apply=\"all el-761bd7a6\"><div class=\"vce-content-background-container\"><\/div><div class=\"vce-row-content\" data-vce-element-content=\"true\"><div><\/div><\/div><\/div><\/div>","protected":false},"excerpt":{"rendered":"<p>Misi\u00f3n, visi\u00f3n y valoresNuestra misi\u00f3nImpulsar la participaci\u00f3n en el Proyecto estrat\u00e9gico para la recuperaci\u00f3n y transformaci\u00f3n econ\u00f3mica (PERTE) de los semiconductores, Horizonte Europa o cualquier otro marco que permita atraer inversiones a la Comunidad de Madrid relacionadas con este sector.Generar actividad relacionada con su tem\u00e1tica que el cl\u00faster entienda que constituye una aportaci\u00f3n a sectores o \u00e1reas productivas de la Comunidad de Madrid.Mejorar la competitividad del sector de Semiconductores y \u00e1reas afines, generando sinergias entre los agenteImpulsar la implantaci\u00f3n, estandarizaci\u00f3n y utilizaci\u00f3n de tecnolog\u00edas derivadas de la innovaci\u00f3n en este sector.Fomentar el desarrollo y retenci\u00f3n del talento especializado en el\u2026<\/p>\n","protected":false},"author":3,"featured_media":0,"parent":5,"menu_order":2,"comment_status":"closed","ping_status":"closed","template":"","meta":{"pmpro_default_level":0,"passster_activate_protection":false,"passster_protect_child_pages":"","passster_protection_type":"password","passster_password":"","passster_activate_overwrite_defaults":"","passster_headline":"","passster_instruction":"","passster_placeholder":"","passster_button":"","passster_id":"","passster_activate_misc_settings":"","passster_redirect_url":"","passster_hide":"no","passster_area_shortcode":"","_mc_calendar":[],"footnotes":""},"class_list":["post-21","page","type-page","status-publish","hentry","pmpro-has-access"],"blocksy_meta":"","acf":[],"_links":{"self":[{"href":"https:\/\/citt-semiconductores.madrimasd.org\/index.php\/wp-json\/wp\/v2\/pages\/21","targetHints":{"allow":["GET"]}}],"collection":[{"href":"https:\/\/citt-semiconductores.madrimasd.org\/index.php\/wp-json\/wp\/v2\/pages"}],"about":[{"href":"https:\/\/citt-semiconductores.madrimasd.org\/index.php\/wp-json\/wp\/v2\/types\/page"}],"author":[{"embeddable":true,"href":"https:\/\/citt-semiconductores.madrimasd.org\/index.php\/wp-json\/wp\/v2\/users\/3"}],"replies":[{"embeddable":true,"href":"https:\/\/citt-semiconductores.madrimasd.org\/index.php\/wp-json\/wp\/v2\/comments?post=21"}],"version-history":[{"count":36,"href":"https:\/\/citt-semiconductores.madrimasd.org\/index.php\/wp-json\/wp\/v2\/pages\/21\/revisions"}],"predecessor-version":[{"id":1674,"href":"https:\/\/citt-semiconductores.madrimasd.org\/index.php\/wp-json\/wp\/v2\/pages\/21\/revisions\/1674"}],"up":[{"embeddable":true,"href":"https:\/\/citt-semiconductores.madrimasd.org\/index.php\/wp-json\/wp\/v2\/pages\/5"}],"wp:attachment":[{"href":"https:\/\/citt-semiconductores.madrimasd.org\/index.php\/wp-json\/wp\/v2\/media?parent=21"}],"curies":[{"name":"wp","href":"https:\/\/api.w.org\/{rel}","templated":true}]}}