{"id":19,"date":"2023-06-15T11:05:47","date_gmt":"2023-06-15T11:05:47","guid":{"rendered":"http:\/\/citt-humanidadesdigitales.madrimasd.org\/?page_id=19"},"modified":"2023-07-18T07:48:23","modified_gmt":"2023-07-18T07:48:23","slug":"objetivos","status":"publish","type":"page","link":"https:\/\/citt-semiconductores.madrimasd.org\/index.php\/home\/objetivos\/","title":{"rendered":""},"content":{"rendered":"<div class=\"vce-row-container\" data-vce-boxed-width=\"true\"><div class=\"vce-row vce-row--col-gap-30 vce-row-equal-height vce-row-content--top\" id=\"el-a2aff87f\" data-vce-do-apply=\"all el-a2aff87f\"><div class=\"vce-content-background-container\"><\/div><div class=\"vce-row-content\" data-vce-element-content=\"true\"><div class=\"vce-col vce-col--md-auto vce-col--xs-1 vce-col--xs-last vce-col--xs-first vce-col--sm-last vce-col--sm-first vce-col--md-last vce-col--lg-last vce-col--xl-last vce-col--md-first vce-col--lg-first vce-col--xl-first\" id=\"el-cfa3ebb8\"><div class=\"vce-col-inner\" data-vce-do-apply=\"border margin background  el-cfa3ebb8\"><div class=\"vce-col-content\" data-vce-element-content=\"true\" data-vce-do-apply=\"padding el-cfa3ebb8\"><div class=\"vce vce-separator-with-title-container vce-separator-with-title--align-center\" id=\"el-e320a490\" data-vce-do-apply=\"margin el-e320a490\"><div class=\"vce-separator-with-title vce-separator-with-title--color-bfc0c1 vce-separator-with-title--width-60\" data-vce-do-apply=\"border padding background  el-e320a490\"><div class=\"vce-separator-with-title--line vce-separator-with-title--line--style-solid vce-separator-with-title-line--thickness-1 vce-separator-with-title--line-left\"><\/div><h3 class=\"vce-separator-with-title--title vce-separator-with-title--title--color-b-47-47-47\">Objetivos<\/h3><div class=\"vce-separator-with-title--line vce-separator-with-title--line--style-solid vce-separator-with-title-line--thickness-1 vce-separator-with-title--line-right\"><\/div><\/div><\/div><\/div><\/div><\/div><\/div><\/div><\/div><div class=\"vce-row-container\" data-vce-boxed-width=\"true\"><div class=\"vce-row vce-row--col-gap-30 vce-row-equal-height vce-row-content--top\" id=\"el-4ba4abee\" data-vce-do-apply=\"all el-4ba4abee\"><div class=\"vce-content-background-container\"><\/div><div class=\"vce-row-content\" data-vce-element-content=\"true\"><div class=\"vce-col vce-col--md-36p vce-col--xs-1 vce-col--xs-last vce-col--xs-first vce-col--sm-last vce-col--sm-first vce-col--md-first vce-col--lg-first vce-col--xl-first\" id=\"el-a719d486\"><div class=\"vce-col-inner\" data-vce-do-apply=\"border margin background  el-a719d486\"><div class=\"vce-col-content\" data-vce-element-content=\"true\" data-vce-do-apply=\"padding el-a719d486\"><div class=\"vce-text-block\"><div class=\"vce-text-block-wrapper vce\" id=\"el-42805ae2\" data-vce-do-apply=\"all el-42805ae2\"><h2 style=\"line-height: inherit; text-align: center;\"><span style=\"font-size: 16pt; color: #333333;\">Ecosistema<\/span><\/h2>\n<p style=\"text-align: justify; line-height: inherit;\">Conectar dentro de comunidades globales fomentando un<strong> ecosistema de colaboraci\u00f3n<\/strong> y atrayendo nuevas empresas innovadoras<\/p>\n<h2 style=\"line-height: inherit; text-align: center;\"><span style=\"font-size: 16pt; color: #333333;\">Nuevas tecnolog\u00edas<\/span><\/h2>\n<p style=\"text-align: justify;\">Atraer <strong>l\u00edderes tecnol\u00f3gicos<\/strong> clave como socios fundadores de centros de excelencia&nbsp;<\/p>\n<p>&nbsp;<\/p>\n<p>&nbsp;<\/p><\/div><\/div><\/div><\/div><\/div><div class=\"vce-col vce-col--md-27p vce-col--xs-1 vce-col--xs-last vce-col--xs-first vce-col--sm-last vce-col--sm-first\" id=\"el-e93b70a0\"><div class=\"vce-col-inner\" data-vce-do-apply=\"border margin background  el-e93b70a0\"><div class=\"vce-col-content\" data-vce-element-content=\"true\" data-vce-do-apply=\"padding el-e93b70a0\"><div class=\"vce-single-image-container vce-single-image--align-center\"><div class=\"vce vce-single-image-wrapper\" id=\"el-ed7d1218\" data-vce-do-apply=\"all el-ed7d1218\"><figure><div class=\"vce-single-image-figure-inner\" style=\"width: 982px;\"><div class=\"vce-single-image-inner vce-single-image--absolute\" style=\"width: 100%; padding-bottom: 100.102%;\"><img loading=\"lazy\" decoding=\"async\" class=\"vce-single-image\"  width=\"982\" height=\"983\" srcset=\"https:\/\/citt-semiconductores.madrimasd.org\/wp-content\/uploads\/2023\/07\/Picture9-1-320x320.png 320w, https:\/\/citt-semiconductores.madrimasd.org\/wp-content\/uploads\/2023\/07\/Picture9-1-480x480.png 480w, https:\/\/citt-semiconductores.madrimasd.org\/wp-content\/uploads\/2023\/07\/Picture9-1-800x801.png 800w, https:\/\/citt-semiconductores.madrimasd.org\/wp-content\/uploads\/2023\/07\/Picture9-1-982x983.png 982w\" src=\"https:\/\/citt-semiconductores.madrimasd.org\/wp-content\/uploads\/2023\/07\/Picture9-1-982x983.png\" data-img-src=\"https:\/\/citt-semiconductores.madrimasd.org\/wp-content\/uploads\/2023\/07\/Picture9-1.png\" data-attachment-id=\"1598\"  alt=\"\" title=\"Picture9\" \/><\/div><\/div><figcaption hidden=\"\"><\/figcaption><\/figure><\/div><\/div><\/div><\/div><\/div><div class=\"vce-col vce-col--md-37p vce-col--xs-1 vce-col--xs-last vce-col--xs-first vce-col--sm-last vce-col--sm-first vce-col--md-last vce-col--lg-last vce-col--xl-last\" id=\"el-8a362333\"><div class=\"vce-col-inner\" data-vce-do-apply=\"border margin background  el-8a362333\"><div class=\"vce-col-content\" data-vce-element-content=\"true\" data-vce-do-apply=\"padding el-8a362333\"><div class=\"vce-text-block\"><div class=\"vce-text-block-wrapper vce\" id=\"el-442d897a\" data-vce-do-apply=\"all el-442d897a\"><h2 style=\"line-height: inherit; text-align: center;\"><span style=\"font-size: 16pt;\">Talento<\/span><\/h2>\n<p style=\"text-align: justify;\">Crear sinergias con universidades para formar al talento local y atraer talento mundial&nbsp; &nbsp; &nbsp; &nbsp; &nbsp; &nbsp; &nbsp; &nbsp; &nbsp; &nbsp; &nbsp; &nbsp; &nbsp; &nbsp;&nbsp;<\/p>\n<h2 style=\"text-align: center;\"><span style=\"font-size: 16pt;\">Infraestructura<\/span><\/h2>\n<p style=\"text-align: justify;\">Crear una infraestructura de semiconductores para <strong>investigaci\u00f3n<\/strong>, <strong>proyectos<\/strong> y <strong>prototipos<\/strong><\/p><\/div><\/div><\/div><\/div><\/div><\/div><\/div><\/div><div class=\"vce-row-container\" data-vce-boxed-width=\"true\"><div class=\"vce-row vce-row--col-gap-30 vce-row-equal-height vce-row-content--top\" id=\"el-860c4c77\" data-vce-do-apply=\"all el-860c4c77\"><div class=\"vce-row-content\" data-vce-element-content=\"true\"><div class=\"vce-col vce-col--md-auto vce-col--xs-1 vce-col--xs-last vce-col--xs-first vce-col--sm-last vce-col--sm-first vce-col--md-first vce-col--lg-first vce-col--xl-first\" id=\"el-01df4b2a\"><div class=\"vce-col-inner\" data-vce-do-apply=\"border margin background  el-01df4b2a\"><div class=\"vce-col-content\" data-vce-element-content=\"true\" data-vce-do-apply=\"padding el-01df4b2a\"><div><\/div><\/div><\/div><\/div><div class=\"vce-col vce-col--md-auto vce-col--xs-1 vce-col--xs-last vce-col--xs-first vce-col--sm-last vce-col--sm-first\" id=\"el-22e84ffe\"><div class=\"vce-col-inner\" data-vce-do-apply=\"border margin background  el-22e84ffe\"><div class=\"vce-col-content\" data-vce-element-content=\"true\" data-vce-do-apply=\"padding el-22e84ffe\"><div><\/div><\/div><\/div><\/div><div class=\"vce-col vce-col--md-auto vce-col--xs-1 vce-col--xs-last vce-col--xs-first vce-col--sm-last vce-col--sm-first vce-col--md-last vce-col--lg-last vce-col--xl-last\" id=\"el-f9c83684\"><div class=\"vce-col-inner\" data-vce-do-apply=\"border margin background  el-f9c83684\"><div class=\"vce-col-content\" data-vce-element-content=\"true\" data-vce-do-apply=\"padding el-f9c83684\"><div><\/div><\/div><\/div><\/div><\/div><\/div><\/div>","protected":false},"excerpt":{"rendered":"<p>ObjetivosEcosistema Conectar dentro de comunidades globales fomentando un ecosistema de colaboraci\u00f3n y atrayendo nuevas empresas innovadoras Nuevas tecnolog\u00edas Atraer l\u00edderes tecnol\u00f3gicos clave como socios fundadores de centros de excelencia&nbsp; &nbsp; &nbsp;Talento Crear sinergias con universidades para formar al talento local y atraer talento mundial&nbsp; &nbsp; &nbsp; &nbsp; &nbsp; &nbsp; &nbsp; &nbsp; &nbsp; &nbsp; &nbsp; &nbsp; &nbsp; &nbsp;&nbsp; Infraestructura Crear una infraestructura de semiconductores para investigaci\u00f3n, proyectos y prototipos<\/p>\n","protected":false},"author":3,"featured_media":0,"parent":5,"menu_order":1,"comment_status":"closed","ping_status":"closed","template":"","meta":{"pmpro_default_level":0,"passster_activate_protection":false,"passster_protect_child_pages":"","passster_protection_type":"password","passster_password":"","passster_activate_overwrite_defaults":"","passster_headline":"","passster_instruction":"","passster_placeholder":"","passster_button":"","passster_id":"","passster_activate_misc_settings":"","passster_redirect_url":"","passster_hide":"no","passster_area_shortcode":"","_mc_calendar":[],"footnotes":""},"class_list":["post-19","page","type-page","status-publish","hentry","pmpro-has-access"],"blocksy_meta":"","acf":[],"_links":{"self":[{"href":"https:\/\/citt-semiconductores.madrimasd.org\/index.php\/wp-json\/wp\/v2\/pages\/19","targetHints":{"allow":["GET"]}}],"collection":[{"href":"https:\/\/citt-semiconductores.madrimasd.org\/index.php\/wp-json\/wp\/v2\/pages"}],"about":[{"href":"https:\/\/citt-semiconductores.madrimasd.org\/index.php\/wp-json\/wp\/v2\/types\/page"}],"author":[{"embeddable":true,"href":"https:\/\/citt-semiconductores.madrimasd.org\/index.php\/wp-json\/wp\/v2\/users\/3"}],"replies":[{"embeddable":true,"href":"https:\/\/citt-semiconductores.madrimasd.org\/index.php\/wp-json\/wp\/v2\/comments?post=19"}],"version-history":[{"count":44,"href":"https:\/\/citt-semiconductores.madrimasd.org\/index.php\/wp-json\/wp\/v2\/pages\/19\/revisions"}],"predecessor-version":[{"id":1633,"href":"https:\/\/citt-semiconductores.madrimasd.org\/index.php\/wp-json\/wp\/v2\/pages\/19\/revisions\/1633"}],"up":[{"embeddable":true,"href":"https:\/\/citt-semiconductores.madrimasd.org\/index.php\/wp-json\/wp\/v2\/pages\/5"}],"wp:attachment":[{"href":"https:\/\/citt-semiconductores.madrimasd.org\/index.php\/wp-json\/wp\/v2\/media?parent=19"}],"curies":[{"name":"wp","href":"https:\/\/api.w.org\/{rel}","templated":true}]}}