{"id":17,"date":"2023-06-15T10:58:11","date_gmt":"2023-06-15T10:58:11","guid":{"rendered":"http:\/\/citt-humanidadesdigitales.madrimasd.org\/?page_id=17"},"modified":"2023-09-25T08:36:43","modified_gmt":"2023-09-25T08:36:43","slug":"quienes-somos","status":"publish","type":"page","link":"https:\/\/citt-semiconductores.madrimasd.org\/index.php\/home\/quienes-somos\/","title":{"rendered":""},"content":{"rendered":"<div class=\"vce-row-container\" data-vce-boxed-width=\"true\"><div class=\"vce-row vce-row--col-gap-30 vce-row-equal-height vce-row-content--top\" id=\"el-c943b7ed\" data-vce-do-apply=\"all el-c943b7ed\"><div class=\"vce-content-background-container\"><\/div><div class=\"vce-row-content\" data-vce-element-content=\"true\"><div class=\"vce-col vce-col--md-96p vce-col--xs-1 vce-col--xs-last vce-col--xs-first vce-col--sm-last vce-col--sm-first vce-col--md-first vce-col--lg-first vce-col--xl-first\" id=\"el-0ab3d38b\"><div class=\"vce-col-inner\" data-vce-do-apply=\"border margin background  el-0ab3d38b\"><div class=\"vce-col-content\" data-vce-element-content=\"true\" data-vce-do-apply=\"padding el-0ab3d38b\"><div class=\"vce vce-separator-with-title-container vce-separator-with-title--align-center\" id=\"el-db5e2449\" data-vce-do-apply=\"margin el-db5e2449\"><div class=\"vce-separator-with-title vce-separator-with-title--color-bfc0c1 vce-separator-with-title--width-60\" data-vce-do-apply=\"border padding background  el-db5e2449\"><div class=\"vce-separator-with-title--line vce-separator-with-title--line--style-solid vce-separator-with-title-line--thickness-1 vce-separator-with-title--line-left\"><\/div><h3 class=\"vce-separator-with-title--title vce-separator-with-title--title--color-b-47-47-47\">\u00bfQui\u00e9nes somos?<\/h3><div class=\"vce-separator-with-title--line vce-separator-with-title--line--style-solid vce-separator-with-title-line--thickness-1 vce-separator-with-title--line-right\"><\/div><\/div><\/div><\/div><\/div><\/div><div class=\"vce-col vce-col--md-4p vce-col--xs-1 vce-col--xs-last vce-col--xs-first vce-col--sm-last vce-col--sm-first vce-col--md-last vce-col--lg-last vce-col--xl-last\" id=\"el-442bf1bc\"><div class=\"vce-col-inner\" data-vce-do-apply=\"border margin background  el-442bf1bc\"><div class=\"vce-col-content\" data-vce-element-content=\"true\" data-vce-do-apply=\"padding el-442bf1bc\"><div><\/div><\/div><\/div><\/div><\/div><\/div><\/div><div class=\"vce-row-container\" data-vce-boxed-width=\"true\"><div class=\"vce-row vce-row--col-gap-30 vce-row-equal-height vce-row-content--top\" id=\"el-4909c842\" data-vce-do-apply=\"all el-4909c842\"><div class=\"vce-row-content\" data-vce-element-content=\"true\"><div class=\"vce-col vce-col--md-auto vce-col--xs-1 vce-col--xs-last vce-col--xs-first vce-col--sm-last vce-col--sm-first vce-col--md-last vce-col--lg-last vce-col--xl-last vce-col--md-first vce-col--lg-first vce-col--xl-first\" id=\"el-6f2b766b\"><div class=\"vce-col-inner\" data-vce-do-apply=\"border margin background  el-6f2b766b\"><div class=\"vce-col-content\" data-vce-element-content=\"true\" data-vce-do-apply=\"padding el-6f2b766b\"><div class=\"vce-text-block\"><div class=\"vce-text-block-wrapper vce\" id=\"el-ecbde91c\" data-vce-do-apply=\"all el-ecbde91c\"><p style=\"text-align: justify;\"><strong>Somos<\/strong> el <strong>centro de referencia<\/strong> para establecer <strong>relaciones entre agentes p\u00fablicos y privados<\/strong> a lo largo de toda la cadena de valor, <strong>desde el dise\u00f1o hasta el <em>packaging<\/em>.<\/strong><\/p><\/div><\/div><\/div><\/div><\/div><\/div><\/div><\/div><div class=\"vce-row-container\" data-vce-boxed-width=\"true\"><div class=\"vce-row vce-row--col-gap-30 vce-row-equal-height vce-row-content--top\" id=\"el-2dd6d1f7\" data-vce-do-apply=\"all el-2dd6d1f7\"><div class=\"vce-row-content\" data-vce-element-content=\"true\"><div class=\"vce-col vce-col--md-auto vce-col--xs-1 vce-col--xs-last vce-col--xs-first vce-col--sm-last vce-col--sm-first vce-col--md-first vce-col--lg-first vce-col--xl-first\" id=\"el-55b320e0\"><div class=\"vce-col-inner\" data-vce-do-apply=\"border margin background  el-55b320e0\"><div class=\"vce-col-content\" data-vce-element-content=\"true\" data-vce-do-apply=\"padding el-55b320e0\"><div class=\"vce-single-image-container vce-single-image--align-center\"><div class=\"vce vce-single-image-wrapper\" id=\"el-6815866b\" data-vce-do-apply=\"all el-6815866b\"><figure><div class=\"vce-single-image-figure-inner\" style=\"width: 200px;\"><div class=\"vce-single-image-inner vce-single-image--absolute\" style=\"width: 100%; padding-bottom: 108.5%;\"><img loading=\"lazy\" decoding=\"async\" class=\"vce-single-image\"  width=\"200\" height=\"217\" srcset=\"https:\/\/citt-semiconductores.madrimasd.org\/wp-content\/uploads\/2023\/09\/foto-daniel-granados-320x347.jpg 320w, https:\/\/citt-semiconductores.madrimasd.org\/wp-content\/uploads\/2023\/09\/foto-daniel-granados-480x521.jpg 480w, https:\/\/citt-semiconductores.madrimasd.org\/wp-content\/uploads\/2023\/09\/foto-daniel-granados-800x869.jpg 800w, https:\/\/citt-semiconductores.madrimasd.org\/wp-content\/uploads\/2023\/09\/foto-daniel-granados-e1694429583663-200x217.jpg 200w\" src=\"https:\/\/citt-semiconductores.madrimasd.org\/wp-content\/uploads\/2023\/09\/foto-daniel-granados-e1694429583663-200x217.jpg\" data-img-src=\"https:\/\/citt-semiconductores.madrimasd.org\/wp-content\/uploads\/2023\/09\/foto-daniel-granados-e1694429583663.jpg\" data-attachment-id=\"1708\"  alt=\"\" title=\"foto daniel granados\" \/><\/div><\/div><figcaption hidden=\"\"><\/figcaption><\/figure><\/div><\/div><\/div><\/div><\/div><div class=\"vce-col vce-col--md-auto vce-col--xs-1 vce-col--xs-last vce-col--xs-first vce-col--sm-last vce-col--sm-first vce-col--md-last vce-col--lg-last vce-col--xl-last\" id=\"el-98bc17f1\"><div class=\"vce-col-inner\" data-vce-do-apply=\"border margin background  el-98bc17f1\"><div class=\"vce-col-content\" data-vce-element-content=\"true\" data-vce-do-apply=\"padding el-98bc17f1\"><div class=\"vce-single-image-container vce-single-image--align-center\"><div class=\"vce vce-single-image-wrapper\" id=\"el-4fc0a577\" data-vce-do-apply=\"all el-4fc0a577\"><figure><div class=\"vce-single-image-figure-inner\" style=\"width: 200px;\"><div class=\"vce-single-image-inner vce-single-image--absolute\" style=\"width: 100%; padding-bottom: 100%;\"><img loading=\"lazy\" decoding=\"async\" class=\"vce-single-image\"  width=\"200\" height=\"200\" srcset=\"https:\/\/citt-semiconductores.madrimasd.org\/wp-content\/uploads\/2023\/09\/Foto-Jorge-Lang-200x200.jpg 200w\" src=\"https:\/\/citt-semiconductores.madrimasd.org\/wp-content\/uploads\/2023\/09\/Foto-Jorge-Lang-200x200.jpg\" data-img-src=\"https:\/\/citt-semiconductores.madrimasd.org\/wp-content\/uploads\/2023\/09\/Foto-Jorge-Lang.jpg\" data-attachment-id=\"1709\"  alt=\"\" title=\"Foto Jorge Lang\" \/><\/div><\/div><figcaption hidden=\"\"><\/figcaption><\/figure><\/div><\/div><\/div><\/div><\/div><\/div><\/div><\/div><div class=\"vce-row-container\" data-vce-boxed-width=\"true\"><div class=\"vce-row vce-row--col-gap-30 vce-row-equal-height vce-row-content--top\" id=\"el-958eb244\" data-vce-do-apply=\"all el-958eb244\"><div class=\"vce-row-content\" data-vce-element-content=\"true\"><div class=\"vce-col vce-col--md-50p vce-col--xs-1 vce-col--xs-last vce-col--xs-first vce-col--sm-last vce-col--sm-first vce-col--md-first vce-col--lg-first vce-col--xl-first\" id=\"el-0ac8dbbb\"><div class=\"vce-col-inner\" data-vce-do-apply=\"border margin background  el-0ac8dbbb\"><div class=\"vce-col-content\" data-vce-element-content=\"true\" data-vce-do-apply=\"padding el-0ac8dbbb\"><div class=\"vce-text-block\"><div class=\"vce-text-block-wrapper vce\" id=\"el-15b5eaaf\" data-vce-do-apply=\"all el-15b5eaaf\"><p style=\"text-align: justify;\">Daniel Granados es Director Ejecutivo de Infraestructuras Cient\u00edficas del Instituto Madrile\u00f1o de Estudios Avanzados en Nanociencia (IMDEA Nano) y responsable del Grupo Quantum NanoDevices. Es F\u00edsico&nbsp;y Doctor en Ciencias F\u00edsicas por la Universidad Aut\u00f3noma (UAM) y realiz\u00f3 sus estudios de doctorado experimental en el Instituto de Microelectr\u00f3nica de Madrid, perteneciente al Centro Nacional de Microelectr\u00f3nica del Consejo Superior de Investigaciones Cient\u00edficas (IMN-CNM-CSIC). Durante 3 a\u00f1os, fue investigador en el Grupo de Informaci\u00f3n Cu\u00e1ntica de Toshiba Research Europe Ltd en Cambridge (Reino Unido) y l\u00edder del grupo de confinamiento fot\u00f3nico. Se incorpor\u00f3 a IMDEA-Nano en 2009 como responsable y coordinador de los servicios de nanofabricaci\u00f3n. Es vicepresidente de la divisi\u00f3n&nbsp;de Electronic Materials de la Asociaci\u00f3n internacional de Vac\u00edo (IUVSTA) y miembro del comit\u00e9 cient\u00edfico asesor de la Asociaci\u00f3n Espa\u00f1ola de Vac\u00edo&nbsp;(ASEVA). Desde 2022&nbsp;es asesor Cient\u00edfico\/T\u00e9cnico de la Direcci\u00f3n General de Investigaci\u00f3n e Innovaci\u00f3n Tecnol\u00f3gica de la Comunidad de Madrid para el PERTE-CHIP y miembro del comit\u00e9 de expertos del Think Tank Future Trends Forum de la Fundaci\u00f3n Innovaci\u00f3n&nbsp;Bankinter. Contribuy\u00f3 a la creaci\u00f3n y puesta en marcha del Cluster Madrile\u00f1o de Innovaci\u00f3n, Tecnolog\u00eda y Talento en Semiconductores de la Comunidad de Madrid; y es director del mismo desde Enero de 2023.<\/p><\/div><\/div><\/div><\/div><\/div><div class=\"vce-col vce-col--md-50p vce-col--xs-1 vce-col--xs-last vce-col--xs-first vce-col--sm-last vce-col--sm-first vce-col--md-last vce-col--lg-last vce-col--xl-last\" id=\"el-31c5874a\"><div class=\"vce-col-inner\" data-vce-do-apply=\"border margin background  el-31c5874a\"><div class=\"vce-col-content\" data-vce-element-content=\"true\" data-vce-do-apply=\"padding el-31c5874a\"><div class=\"vce-text-block\"><div class=\"vce-text-block-wrapper vce\" id=\"el-81dd7a88\" data-vce-do-apply=\"all el-81dd7a88\"><p style=\"text-align: justify;\">Jorge Lang, a\u00fana una larga experiencia de m\u00e1s de 37 a\u00f1os en el sector TIC; desde los inicios en la Empresa perteneciente al INI Secoinsa, posteriormente Fujitsu; para posteriormente pasar a Intel Corporation donde desarroll\u00f3 su carrera profesional durante casi 27 a\u00f1os en diversos cargos directivos, siempre con la innovaci\u00f3n tecnol\u00f3gica como bandera impulsando la sociedad de la informaci\u00f3n en Espa\u00f1a en conjunto con diversos actores nacionales e internacionales.<\/p><br><p style=\"text-align: justify;\">Actualmente ya retirado, ejerce desde enero de 2023 como co-director del Cluster Madrile\u00f1o de Innovaci\u00f3n, Tecnolog\u00eda y Talento en Semiconductores de la Comunidad de Madrid.<\/p><\/div><\/div><\/div><\/div><\/div><\/div><\/div><\/div><div class=\"vce-row-container\" data-vce-boxed-width=\"true\"><div class=\"vce-row vce-row--col-gap-30 vce-row-equal-height vce-row-content--top\" id=\"el-dcaa78da\" data-vce-do-apply=\"all el-dcaa78da\"><div class=\"vce-row-content\" data-vce-element-content=\"true\"><div class=\"vce-col vce-col--md-auto vce-col--xs-1 vce-col--xs-last vce-col--xs-first vce-col--sm-last vce-col--sm-first vce-col--md-first vce-col--lg-first vce-col--xl-first\" id=\"el-f42285aa\"><div class=\"vce-col-inner\" data-vce-do-apply=\"border margin background  el-f42285aa\"><div class=\"vce-col-content\" data-vce-element-content=\"true\" data-vce-do-apply=\"padding el-f42285aa\"><div class=\"vce-text-block\"><div class=\"vce-text-block-wrapper vce\" id=\"el-4222d974\" data-vce-do-apply=\"all el-4222d974\"><p><a href=\"https:\/\/www.linkedin.com\/in\/daniel-granados\/\"><img loading=\"lazy\" decoding=\"async\" class=\"aligncenter wp-image-671\" src=\"http:\/\/citt-espacio.madrimasd.org\/wp-content\/uploads\/2023\/07\/Linkedin-logo-300x169.png\" alt=\"\" width=\"75\" height=\"42\"><\/a><\/p><\/div><\/div><\/div><\/div><\/div><div class=\"vce-col vce-col--md-auto vce-col--xs-1 vce-col--xs-last vce-col--xs-first vce-col--sm-last vce-col--sm-first vce-col--md-last vce-col--lg-last vce-col--xl-last\" id=\"el-b03603c4\"><div class=\"vce-col-inner\" data-vce-do-apply=\"border margin background  el-b03603c4\"><div class=\"vce-col-content\" data-vce-element-content=\"true\" data-vce-do-apply=\"padding el-b03603c4\"><div class=\"vce-text-block\"><div class=\"vce-text-block-wrapper vce\" id=\"el-4560b110\" data-vce-do-apply=\"all el-4560b110\"><p><a href=\"https:\/\/www.linkedin.com\/in\/jorge-l-4aa21a1\/\"><img loading=\"lazy\" decoding=\"async\" class=\"aligncenter wp-image-671\" src=\"http:\/\/citt-espacio.madrimasd.org\/wp-content\/uploads\/2023\/07\/Linkedin-logo-300x169.png\" alt=\"\" width=\"75\" height=\"42\"><\/a><\/p><\/div><\/div><\/div><\/div><\/div><\/div><\/div><\/div>","protected":false},"excerpt":{"rendered":"<p>\u00bfQui\u00e9nes somos?Somos el centro de referencia para establecer relaciones entre agentes p\u00fablicos y privados a lo largo de toda la cadena de valor, desde el dise\u00f1o hasta el packaging.Daniel Granados es Director Ejecutivo de Infraestructuras Cient\u00edficas del Instituto Madrile\u00f1o de Estudios Avanzados en Nanociencia (IMDEA Nano) y responsable del Grupo Quantum NanoDevices. Es F\u00edsico&nbsp;y Doctor en Ciencias F\u00edsicas por la Universidad Aut\u00f3noma (UAM) y realiz\u00f3 sus estudios de doctorado experimental en el Instituto de Microelectr\u00f3nica de Madrid, perteneciente al Centro Nacional de Microelectr\u00f3nica del Consejo Superior de Investigaciones Cient\u00edficas (IMN-CNM-CSIC). Durante 3 a\u00f1os, fue investigador en el Grupo de Informaci\u00f3n\u2026<\/p>\n","protected":false},"author":3,"featured_media":0,"parent":5,"menu_order":0,"comment_status":"closed","ping_status":"closed","template":"","meta":{"pmpro_default_level":0,"passster_activate_protection":false,"passster_protect_child_pages":"","passster_protection_type":"password","passster_password":"","passster_activate_overwrite_defaults":"","passster_headline":"","passster_instruction":"","passster_placeholder":"","passster_button":"","passster_id":"","passster_activate_misc_settings":"","passster_redirect_url":"","passster_hide":"no","passster_area_shortcode":"","_mc_calendar":[],"footnotes":""},"class_list":["post-17","page","type-page","status-publish","hentry","pmpro-has-access"],"blocksy_meta":"","acf":[],"_links":{"self":[{"href":"https:\/\/citt-semiconductores.madrimasd.org\/index.php\/wp-json\/wp\/v2\/pages\/17","targetHints":{"allow":["GET"]}}],"collection":[{"href":"https:\/\/citt-semiconductores.madrimasd.org\/index.php\/wp-json\/wp\/v2\/pages"}],"about":[{"href":"https:\/\/citt-semiconductores.madrimasd.org\/index.php\/wp-json\/wp\/v2\/types\/page"}],"author":[{"embeddable":true,"href":"https:\/\/citt-semiconductores.madrimasd.org\/index.php\/wp-json\/wp\/v2\/users\/3"}],"replies":[{"embeddable":true,"href":"https:\/\/citt-semiconductores.madrimasd.org\/index.php\/wp-json\/wp\/v2\/comments?post=17"}],"version-history":[{"count":22,"href":"https:\/\/citt-semiconductores.madrimasd.org\/index.php\/wp-json\/wp\/v2\/pages\/17\/revisions"}],"predecessor-version":[{"id":1751,"href":"https:\/\/citt-semiconductores.madrimasd.org\/index.php\/wp-json\/wp\/v2\/pages\/17\/revisions\/1751"}],"up":[{"embeddable":true,"href":"https:\/\/citt-semiconductores.madrimasd.org\/index.php\/wp-json\/wp\/v2\/pages\/5"}],"wp:attachment":[{"href":"https:\/\/citt-semiconductores.madrimasd.org\/index.php\/wp-json\/wp\/v2\/media?parent=17"}],"curies":[{"name":"wp","href":"https:\/\/api.w.org\/{rel}","templated":true}]}}